?
2, 5
List the prime factors of (1/1)/(3/1707).
569
List the prime factors of 845*(56/(-35))/(-2).
2, 13
Let x = -45 + 69. Let c(f) = 7*f - 1. Let w be c(0). What are the prime factors of w/3 + 1112/x?
2, 23
Suppose 0 = 9*a - 4*a. Suppose -4*d + 4 = 2*h, 3*d = 5*h - a*d + 3. Suppose h*t = -5*t + 170. What are the prime factors of t?
2, 17
Suppose -4*c + 32 = -5*p, -2*c = -5*c + 3*p + 21. Let m(w) = -12*w**3 + 11*w**c + 0*w + w + 1 + w**2. What are the prime factors of m(-2)?
11
List the prime factors of (-24)/(2 + 4635/(-2304)).
2
List the prime factors of ((-64)/(-12))/(((-14)/(-159))/7).
2, 53
Let v be (-10)/(-5) + 3 + -1. Suppose 76 = v*x + 5*l - 261, -4*l = 3*x - 254. What are the prime factors of x?
2, 3, 13
Let v(m) = -m**3 - 14*m**2 - 28*m - 12. Let h be v(-12). Suppose z + 2*z = h. What are the prime factors of z?
2, 3
Let f = 5 + -3. Suppose 0 = 3*o - f*h - 178, 4*o - 7*h + 3*h = 236. What are the prime factors of 40/6*144/o?
2
What are the prime factors of (-6182)/(-15) - 116/870?
2, 103
List the prime factors of 10*(1 - (-1169)/35).
2, 43
Suppose 0 = y + 4*k - 1597, y - 6 - 1589 = -5*k. List the prime factors of y.
3, 5, 107
Suppose 2*n = 2*w + 149 + 53, -217 = 2*w - 5*n. Let a = w - -147. What are the prime factors of a?
3, 17
Let k(v) = -30*v**3 - 6*v**2 + 6*v - 6. Let l(u) = -29*u**3 + u**2 - 3 - 2 - 6*u**2 + 5*u + 0. Let r(a) = 4*k(a) - 5*l(a). List the prime factors of r(1).
2, 13
Let m(l) = -l**3 - l**2. Let x(w) = -6*w**3 - w**2 + 4*w - 3. Let t(v) = 4*m(v) - x(v). Suppose -21 + 12 = -3*r. What are the prime factors of t(r)?
2, 3
Let i be (-4)/(-5) - 558/(-15). Let y = i + -5. Suppose -y = -2*z - z. List the prime factors of z.
11
Let o = -11 + 14. Suppose -d + o + 5 = 0. Suppose -6*f - 68 = -d*f. List the prime factors of f.
2, 17
Let z = -26 + 233. Let u = z + -47. What are the prime factors of u?
2, 5
Suppose -4*o - 3*b = -9*o + 306, -2*o + 3*b = -117. Let q = -29 + o. Suppose 0 = 4*i - 3*i - q. List the prime factors of i.
2, 17
Suppose -3*c + 0*c = -12. Suppose -t + 377 = 4*y, -y - t = c*y - 471. List the prime factors of y.
2, 47
Suppose -5*b = 4*l - 533, 0 = -4*l - b + 223 + 322. What are the prime factors of l?
137
Let j(o) = o**2 - o - 6. Let h be j(3). Suppose -4*b - 16 = h, 4 + 5 = -x - 4*b. What are the prime factors of x?
7
Suppose 18 = 3*x + 4*r, -2*x + 0*x + 3*r - 5 = 0. Suppose -9 = 3*t, -x*n - 3*t + 17 = 38. Let m(o) = o**2 + 2*o - 2. What are the prime factors of m(n)?
2, 11
Suppose 0*a + 4*a = 316. Let k = a + -39. What are the prime factors of k?
2, 5
Suppose -6*r + 4*c = -r - 1682, -4*r = 5*c - 1321. What are the prime factors of r?
2, 167
Suppose 4*c + 0*j + 2*j = 52, c - 23 = 2*j. Let r be -6 + (-5)/(c/(-9)). What are the prime factors of (1/2)/(r/(-54))?
3
Suppose -13359 = -16*q + 3441. List the prime factors of q.
2, 3, 5, 7
Suppose 2*d + 572 = v, -5*v + d = -824 - 2018. List the prime factors of v.
2, 71
Suppose d = -0*d - 2*f + 22, d - 5*f - 1 = 0. Suppose 0 = 5*a - 3*o - d, -4*a + 5*o + 6 = -6*a. Suppose -3*s - a*s + 35 = 0. List the prime factors of s.
7
Let i = 64 + -105. Let h = i + 25. Let b = h - -26. List the prime factors of b.
2, 5
Suppose 0 = -4*b + 25*b - 462. List the prime factors of b.
2, 11
Suppose 3*c + 3*z - 27 = -0*c, 0 = -3*z. Let t(h) = -h**3 + 2*h**2 - 2*h + 6. Let i be t(6). List the prime factors of i/c*9/(-6).
5
Suppose -43 = -q - 0*q. Let b = 65 - q. Suppose 0*t + 5*w = 5*t - 25, 0 = 3*t + 4*w - b. List the prime factors of t.
2, 3
Let q(h) = -17*h + 5. Let d be q(-4). Let n be 1 - (-6 - (2 - 5)). Suppose n*j = -t + 129, -d - 54 = -4*j + t. List the prime factors of j.
2
Suppose 40*k - 5035 - 83365 = 0. List the prime factors of k.
2, 5, 13, 17
Let r be (213/12)/((-2)/32). Let b = r + 491. What are the prime factors of b?
3, 23
Let z(i) = 83*i + 12. What are the prime factors of z(14)?
2, 587
Suppose 3*a + 263 = 5*n, -5*a + 2*n - 470 = -0*n. Let s = a - -105. What are the prime factors of s?
3
Let o(z) be the third derivative of z**5/60 + z**4/6 + 7*z**3/6 + z**2. Suppose 0 = -5*w + w - 16. What are the prime factors of o(w)?
7
Let y = -312 + 413. What are the prime factors of y?
101
Suppose -3*m - m = -12. Suppose 4*z = -m*u - 14, -2*z + 6 - 8 = 4*u. Suppose -2*g = -22 - u. What are the prime factors of g?
2, 3
Let o(w) = 5*w**3 - w**2 - w + 1. Let z be 1/((-4)/2 - -3). Let v be o(z). Suppose v*c - 9*c = -130. List the prime factors of c.
2, 13
Let t = 28 - 3. Suppose 2*l + t = -3*l. Let m(k) = -k**3 - 3*k**2 + 6*k - 3. List the prime factors of m(l).
17
Suppose -l + 3*o = 39, -2*l + 0*o - 4*o - 118 = 0. Let a = 148 + l. What are the prime factors of a?
97
Let f(c) = 7*c - 77. What are the prime factors of f(12)?
7
Let k = -1273 - -2519. What are the prime factors of k?
2, 7, 89
Let m = -28 + 48. Let d = m - 18. Suppose -d*y + 35 = -91. List the prime factors of y.
3, 7
Let m(h) = 3*h + 0*h**2 + 10 + 691*h**3 + 3*h**2 - 690*h**3. List the prime factors of m(5).
3, 5
Suppose 5*d + u = 3654, 12*d + 4*u = 9*d + 2206. What are the prime factors of d?
2, 5, 73
Let v(f) = 8*f**2 - 6*f + 9. List the prime factors of v(5).
179
Let o(n) be the second derivative of -n**3/6 + 7*n**2/2 + 2*n. Let d = 89 + -86. What are the prime factors of o(d)?
2
Let p = -38 + 45. Let n be 234/4 - p/(-14). Let u = n + -5. List the prime factors of u.
2, 3
Suppose -2*q + 4*k = -26, -5*q - 4*k = -0*q + 5. Suppose -2 = q*c - 5. List the prime factors of 3/(-2)*(-13 + c).
2, 3
Suppose 4 = 3*n - 2*n. Suppose 0 = -n*k + 13 - 1. Suppose -5*b - k*v = -45, 3*v - 53 = -3*b - 20. List the prime factors of b.
2, 3
Let k = 98 - -4. Let r = k + -27. List the prime factors of r.
3, 5
Suppose 5*w - 3 - 17 = 0. Suppose -173 = -2*c + m, -5*m = -w*c + 6*c - 179. List the prime factors of c.
3, 29
Suppose -3*g + 2186 + 11212 = 3*l, 0 = -3*l + g + 13398. List the prime factors of l.
2, 7, 11, 29
Let s(n) = 18*n - 5. Let j be s(-7). Let d = -8 - j. List the prime factors of d.
3, 41
Let m(d) = 2*d**2 + 60*d - 222. What are the prime factors of m(-46)?
2, 5
Let x = -8 - -1451. List the prime factors of x.
3, 13, 37
Suppose -t - 3*t - 2*w - 2 = 0, -10 = 5*t + w. Let q(s) = 546*s - 10. Let x be q(t). List the prime factors of x/(-36) + (-2)/(-9).
2, 23
Let u be 0 + (3 - (1 - 0)). Suppose u*s - 5*s = -5*y - 6, 4*y - 10 = -5*s. Let f = s - -3. List the prime factors of f.
5
Suppose -5*s + 1411 = -1474. List the prime factors of s.
577
Let f = 568 + -384. Let d = 262 - f. What are the prime factors of d?
2, 3, 13
Let h(l) be the second derivative of -l**3/6 + 5*l**2 + 6*l. Let t be h(4). Let g = t - -1. What are the prime factors of g?
7
Suppose 4*t = 16, 0*i - 4*i + 764 = 3*t. What are the prime factors of (-1)/3*(-19 - i)?
3, 23
What are the prime factors of (-365 - 7)*(-3)/6?
2, 3, 31
Suppose x = -4*q - 0 + 4, 4*x = 5*q - 5. Let i(z) = -z**2 - 6*z + 1. Let u be i(-6). Let r = u + q. List the prime factors of r.
2
Let h = 4017 - 2345. List the prime factors of h.
2, 11, 19
Let k = -146 - -535. Suppose 0*b = 5*d - 3*b - k, -b = -2. List the prime factors of d.
79
Suppose -2*y - 6*j = -5*j - 82, -j - 113 = -3*y. Let r = y + 34. What are the prime factors of r?
73
Suppose -q + 67 = 4*f, 8 = -4*q + f + 327. Suppose -2*z + 39 = -q. What are the prime factors of z?
59
Let m(d) = -d**3 - 5*d**2 + 2*d - 11. Let y be (6 + (-5)/1)/(1/(-6)). List the prime factors of m(y).
13
Let j = 27 - -28. Suppose 0 = 7*p - 6*p - j. What are the prime factors of p?
5, 11
Let t = 2584 - -1771. List the prime factors of t.
5, 13, 67
Let b = 29 - 23. Suppose 110 = b*q - 430. List the prime factors of q.
2, 3, 5
Let b(m) = -40*m**3 - 2*m - 1. Suppose 1 = -2*r + 7, 2*r - 24 = 2*k. Let p(i) = i + 8. Let u be p(k). List the prime factors of b(u).
41
Suppose 3*f - 3*n = 5*f - 16, 4*n - 13 = -f. Suppose 0 = 2*d + f*u - u - 22, 0 = 3*d + 5*u - 36. List the prime factors of d.
17
List the prime factors of (36/(-5))/(4 - 9807/2450).
2, 3, 5, 7
Let t(w) be the third derivative of -1/6*w**3 + 0*w + 1/8*w**4 - 1/60*w**5 + 0 - 7*w**2 + 1/30*w**6. What are the prime factors of t(2)?
3, 11
Suppose -19*a = -7*a - 2484. Let h = -481 - -339. Let x = h + a. What are the prime factors of x?
5, 13
Suppose 1544 = 10*y - 2*y. List the prime factors of y.
193
Let r(s) = 